1
List the prime factors of 2220209.
2220209
List the prime factors of 304474.
2, 23, 6619
What are the prime factors of 4222740?
2, 3, 5, 70379
List the prime factors of 1675648.
2, 13, 19, 53
What are the prime factors of 1403683?
1403683
List the prime factors of 7445426.
2, 3722713
List the prime factors of 5579425.
5, 67, 3331
List the prime factors of 8194442.
2, 17, 241013
List the prime factors of 2264691.
3, 11, 13, 5279
What are the prime factors of 591683?
47, 12589
What are the prime factors of 7016649?
3, 2338883
What are the prime factors of 35257374?
2, 3, 37, 167, 317
List the prime factors of 8341478.
2, 4170739
What are the prime factors of 9745487?
2311, 4217
List the prime factors of 1681025.
5, 19, 3539
What are the prime factors of 2487676?
2, 59, 83, 127
List the prime factors of 828712.
2, 71, 1459
What are the prime factors of 2783626?
2, 71, 19603
What are the prime factors of 703245?
3, 5, 173, 271
List the prime factors of 1238405.
5, 7, 41, 863
What are the prime factors of 6831292?
2, 13, 131371
List the prime factors of 5707347.
3, 43, 151, 293
What are the prime factors of 137474?
2, 68737
List the prime factors of 917859.
3, 37, 8269
What are the prime factors of 301405?
5, 13, 4637
What are the prime factors of 157547?
13, 12119
List the prime factors of 4904824.
2, 673, 911
List the prime factors of 583247.
7, 11903
List the prime factors of 4173356.
2, 11, 94849
List the prime factors of 180288.
2, 3, 313
List the prime factors of 342928.
2, 21433
What are the prime factors of 3132876?
2, 3, 23, 11351
What are the prime factors of 130776?
2, 3, 5449
What are the prime factors of 5336191?
7, 41, 18593
List the prime factors of 247435.
5, 17, 41, 71
List the prime factors of 194982.
2, 3, 32497
List the prime factors of 323390.
2, 5, 73, 443
List the prime factors of 2412486.
2, 3, 101, 1327
What are the prime factors of 1369750?
2, 5, 5479
List the prime factors of 181772.
2, 29, 1567
What are the prime factors of 1355765?
5, 263, 1031
List the prime factors of 9060209.
29, 67, 4663
What are the prime factors of 18594797?
13, 211, 6779
List the prime factors of 20392.
2, 2549
List the prime factors of 839057.
29, 28933
What are the prime factors of 79069?
37, 2137
What are the prime factors of 2479618?
2, 107, 11587
List the prime factors of 151936.
2, 1187
List the prime factors of 1786996.
2, 191, 2339
What are the prime factors of 403696?
2, 23, 1097
List the prime factors of 2111819.
2111819
List the prime factors of 194797.
131, 1487
List the prime factors of 126796.
2, 31699
List the prime factors of 585171.
3, 21673
What are the prime factors of 2626568?
2, 7, 17, 31, 89
List the prime factors of 791960.
2, 5, 13, 1523
List the prime factors of 2112337.
2112337
What are the prime factors of 373857?
3, 11, 11329
What are the prime factors of 107121?
3, 7, 5101
List the prime factors of 669166.
2, 31, 43, 251
What are the prime factors of 1054134?
2, 3, 241
List the prime factors of 812920.
2, 5, 20323
What are the prime factors of 3793434?
2, 3, 157, 4027
List the prime factors of 2840231.
29, 37, 2647
What are the prime factors of 28409?
28409
What are the prime factors of 35925805?
5, 7185161
List the prime factors of 268555.
5, 7, 7673
What are the prime factors of 131544?
2, 3, 7, 29
What are the prime factors of 4010568?
2, 3, 167107
List the prime factors of 239425.
5, 61, 157
What are the prime factors of 290378?
2, 11, 67, 197
What are the prime factors of 221230?
2, 5, 22123
What are the prime factors of 1192256?
2, 13, 1433
What are the prime factors of 16083576?
2, 3, 19, 3919
What are the prime factors of 256552?
2, 32069
What are the prime factors of 178818?
2, 3, 29803
List the prime factors of 445295.
5, 29, 37, 83
List the prime factors of 16113540.
2, 3, 5, 101, 2659
List the prime factors of 2862661.
41, 69821
List the prime factors of 361198.
2, 59, 3061
What are the prime factors of 286961?
67, 4283
List the prime factors of 8930785.
5, 23, 77659
What are the prime factors of 982855?
5, 17, 31, 373
List the prime factors of 4216299.
3, 97, 14489
What are the prime factors of 1662741?
3, 61583
What are the prime factors of 979321?
7, 31, 4513
What are the prime factors of 2829772?
2, 11, 73, 881
What are the prime factors of 4295830?
2, 5, 7, 11, 797
List the prime factors of 16275502.
2, 1367, 5953
List the prime factors of 5197152.
2, 3, 43, 1259
What are the prime factors of 304680?
2, 3, 5, 2539
What are the prime factors of 56263?
56263
List the prime factors of 6540698.
2, 229, 14281
List the prime factors of 7564435.
5, 727, 2081
What are the prime factors of 689550?
2, 3, 5, 4597
List the prime factors of 411668.
2, 97, 1061
What are the prime factors of 19546?
2, 29, 337
List the prime factors of 8552035.
5, 1710407
List the prime factors of 2022599.
197, 10267
What are the prime factors of 8053542?
2, 3, 7, 23, 397
What are the prime factors of 2612839?
109, 23971
List the prime factors of 2211107.
53, 41719
List the prime factors of 138422.
2, 67, 1033
List the prime factors of 781576.
2, 151, 647
List the prime factors of 255952.
2, 17, 941
List the prime factors of 537340.
2, 5, 67, 401
What are the prime factors of 194323?
194323
What are the prime factors of 2260661?
13, 173897
What are the prime factors of 941600?
2, 5, 11, 107
What are the prime factors of 397848?
2, 3, 11, 137
List the prime factors of 282069.
3, 31, 337
What are the prime factors of 7008959?
79, 88721
List the prime factors of 16783768.
2, 67, 173, 181
What are the prime factors of 7710408?
2, 3, 107089
What are the prime factors of 767367?
3, 97, 293
What are the prime factors of 874262?
2, 31, 59, 239
What are the prime factors of 1253371?
7, 25579
List the prime factors of 345531.
3, 149, 773
What are the prime factors of 644253?
3, 23, 9337
What are the prime factors of 23854485?
3, 5, 17, 139, 673
List the prime factors of 12618752.
2, 12323
List the prime factors of 431521.
431521
List the prime factors of 787078.
2, 393539
What are the prime factors of 4355332?
2, 17, 19, 3371
List the prime factors of 5970334.
2, 601, 4967
List the prime factors of 157782.
2, 3, 26297
What are the prime factors of 357820?
2, 5, 17891
List the prime factors of 19639151.
7, 31, 1847
What are the prime factors of 136232?
2, 17029
List the prime factors of 1018087.
7, 145441
What are the prime factors of 344807?
344807
What are the prime factors of 37187?
41, 907
List the prime factors of 5217196.
2, 1304299
What are the prime factors of 24648820?
2, 5, 7, 176063
What are the prime factors of 9623575?
5, 13, 29611
What are the prime factors of 4752364?
2, 1087, 1093
List the prime factors of 1186569.
3, 19, 257
What are the prime factors of 1144305?
3, 5, 59, 431
What are the prime factors of 610509?
3, 109, 1867
What are the prime factors of 159578?
2, 73, 1093
List the prime factors of 8142388.
2, 17, 29, 4129
List the prime factors of 34086.
2, 3, 13, 19, 23
List the prime factors of 338445.
3, 5, 23, 109
List the prime factors of 7106240.
2, 5, 53, 419
List the prime factors of 439569.
3, 13, 17
List the prime factors of 1051089.
3, 13, 26951
List the prime factors of 1743831.
3, 71, 2729
What are the prime factors of 420131?
53, 7927
What are the prime factors of 42242025?
3, 5, 7, 17, 4733
What are the prime factors of 151396?
2, 7, 5407
List the prime factors of 100812.
2, 3, 31, 271
What are the prime factors of 6275235?
3, 5, 418349
What are the prime factors of 7074826?
2, 11, 353, 911
List the prime factors of 1253382.
2, 3, 13, 16069
What are the prime factors of 2348261?
17, 47, 2939
List the prime factors of 73017.
3, 7, 19, 61
List the prime factors of 6134738.
2, 107, 109, 263
List the prime factors of 2122405.
5, 424481
List the prime factors of 230647.
230647
List the prime factors of 124125.
3, 5, 331
List the prime factors of 1383851.
7, 17, 29, 401
What are the prime factors of 795009?
3, 265003
What are the prime factors of 128369?
137, 937
What are the prime factors of 4866594?
2, 3, 811099
What are the prime factors of 1193632?
2, 11, 3391
What are the prime factors of 273631?
23, 11897
What are the prime factors of 1934677?
29, 66713
List the prime factors of 1722118.
2, 861059
List